 3, what is 21110100121 - -12?
21110100210
In base 10, what is -65 - 74?
-139
In base 13, what is c64c - 2?
c64a
In base 13, what is -1 + -6624?
-6625
In base 4, what is -23230331 + -13?
-23231010
In base 9, what is 467 - 2270?
-1702
In base 5, what is 12130001 - -114?
12130120
In base 12, what is 527a74 - -4?
527a78
In base 9, what is 767 - -8?
776
In base 13, what is 11 + -1ba?
-1a9
In base 5, what is -1102314 - 30?
-1102344
In base 6, what is -5 + 21122553?
21122544
In base 9, what is 15 - 14872?
-14856
In base 13, what is -2652 - 1c?
-2671
In base 15, what is -b + -95ce?
-95da
In base 7, what is -1 - 1366126?
-1366130
In base 4, what is -111 - 2132230?
-2133001
In base 10, what is 11298 + 78?
11376
In base 8, what is 0 - 313001?
-313001
In base 9, what is -1524 + -48?
-1573
In base 9, what is 55474 + 0?
55474
In base 16, what is 0 + -6bbaf?
-6bbaf
In base 8, what is 103 - 1452?
-1347
In base 7, what is 4454 + 32?
4516
In base 8, what is -1 + -52640?
-52641
In base 2, what is -101111111101 + -1101?
-110000001010
In base 5, what is 4 + -10333?
-10324
In base 14, what is -24 - -28b?
267
In base 16, what is 290 + 228?
4b8
In base 15, what is 3 - -ceb4?
ceb7
In base 13, what is 8485 - -4?
8489
In base 11, what is 3a + -10885?
-10846
In base 15, what is -5 + 4b00?
4aea
In base 8, what is -1207356 + 4?
-1207352
In base 8, what is 15 + 13753?
13770
In base 8, what is -331 + 570?
237
In base 10, what is 18533 - -5?
18538
In base 14, what is 1cc - 1d1?
-3
In base 12, what is 2 + -4518?
-4516
In base 7, what is -666 + 31?
-635
In base 3, what is -1002 + -2110?
-10112
In base 15, what is -3622 - -2b?
-35e6
In base 16, what is 1 + -2e87?
-2e86
In base 15, what is -1586 - 114?
-169a
In base 15, what is 5 + 569d?
56a3
In base 9, what is -35 - 36636?
-36672
In base 12, what is 70 - -1856?
1906
In base 4, what is 332 + 22023122?
22030120
In base 12, what is -417b + -54?
-4213
In base 7, what is 22420 + -54?
22333
In base 6, what is 33230 + 20?
33250
In base 4, what is 30003132 + -3?
30003123
In base 5, what is 1 + 310000?
310001
In base 10, what is 3 - -10139?
10142
In base 5, what is -344311 + -142?
-400003
In base 16, what is -2 - -1b01f?
1b01d
In base 4, what is -11 + 2210031?
2210020
In base 6, what is 2112 + 245?
2401
In base 11, what is -69526 + -3?
-69529
In base 9, what is -122523 + 1?
-122522
In base 10, what is 482 - 714?
-232
In base 8, what is 2 + -352557?
-352555
In base 9, what is 738334 - 5?
738328
In base 13, what is 2801 + c?
2810
In base 14, what is -1340 + -63?
-13a3
In base 15, what is 3 + -26c02?
-26bee
In base 8, what is 2 - -2326315?
2326317
In base 14, what is 104d4 - 2?
104d2
In base 4, what is 1121020220 + -10?
1121020210
In base 8, what is -5 + 175275?
175270
In base 13, what is -1b1 - 377?
-558
In base 11, what is 3838 + -30?
3808
In base 7, what is 3431 + 20133?
23564
In base 13, what is 16 + -1b41?
-1b28
In base 5, what is 20 - -100001020?
100001040
In base 15, what is 4 + ede?
ee3
In base 12, what is 380 + 554?
914
In base 13, what is -7ba98 - -5?
-7ba93
In base 12, what is -6096 - 1?
-6097
In base 8, what is 25621347 - 3?
25621344
In base 13, what is 10c331 - -2?
10c333
In base 16, what is 261a + -3?
2617
In base 15, what is 6cb + 29?
705
In base 8, what is 407 + -175?
212
In base 10, what is 23 + -8022?
-7999
In base 2, what is 10101101010 - -1100?
10101110110
In base 4, what is -1312000 + 210?
-1311130
In base 11, what is -8 + -5820?
-5828
In base 10, what is 625087 - -5?
625092
In base 5, what is -414 + -10413?
-11332
In base 10, what is -324 - 5317?
-5641
In base 2, what is -1000 + -1001110010010?
-1001110011010
In base 2, what is 101010 - 10000010011?
-1111101001
In base 3, what is 1 + -1102012220222?
-1102012220221
In base 7, what is 305 - -5631?
6236
In base 14, what is -68db9 + 0?
-68db9
In base 2, what is -110011101111111110110 - 11?
-110011101111111111001
In base 14, what is 479 + -4?
475
In base 3, what is 2201120111 - 10?
2201120101
In base 10, what is -3 - -201695?
201692
In base 10, what is 44 + -725?
-681
In base 16, what is -2192 - 2b?
-21bd
In base 13, what is 1 - -260a3?
260a4
In base 8, what is 451 - 741?
-270
In base 10, what is -3 + -113612?
-113615
In base 8, what is 1400 - 12?
1366
In base 15, what is -7 - -30b71?
30b69
In base 13, what is 17 - -2719a?
271b4
In base 8, what is 1155 + -304?
651
In base 14, what is -5 - d272b?
-d2732
In base 2, what is -111101 - 10100110100?
-10101110001
In base 7, what is -2154 + 51?
-2103
In base 9, what is -405261 + 15?
-405245
In base 11, what is -4 + -43604?
-43608
In base 3, what is 112002220 + 0?
112002220
In base 13, what is ac7 + -2043?
-1249
In base 16, what is -586cd7 - 3?
-586cda
In base 9, what is 36375 - -47?
36433
In base 8, what is -5621 - 3?
-5624
In base 14, what is -1b40 - -15d?
-19c1
In base 6, what is 10 + -11300345?
-11300335
In base 3, what is 11021212121 + -10?
11021212111
In base 16, what is 1 - -6ee5?
6ee6
In base 14, what is -1 + 13a4?
13a3
In base 11, what is 4 + -27a9a2?
-27a999
In base 8, what is -27577 - 2?
-27601
In base 6, what is -25043341 - 0?
-25043341
In base 15, what is 31d1 + -5?
31cb
In base 14, what is -28b - -64?
-227
In base 2, what is 1101111000000 - 111?
1101110111001
In base 11, what is -23 + -142?
-165
In base 4, what is 103332130 - 221?
103331303
In base 7, what is -2224 - -13?
-2211
In base 16, what is 8169 + -7e?
80eb
In base 11, what is 8023 + 30?
8053
In base 6, what is 2251313 - 13?
2251300
In base 13, what is b + 4791b?
47929
In base 7, what is -1323 + 2012?
356
In base 3, what is 21211001 - 100221?
21110010
In base 9, what is 11077 + -33?
11044
In base 6, what is 3 + 45445?
45452
In base 8, what is 2501 - 3677?
-1176
In base 9, what is 285 - -638?
1034
In base 8, what is -10 - -61065?
61055
In base 16, what is -b + 71cd?
71c2
In base 10, what is -141 + -127?
-268
In base 9, what is 2 - -68004?
68006
In base 3, what is 11111 - -2112110?
2200221
In base 10, what is -520219 - 20?
-520239
In base 12, what is -3 - -12a3?
12a0
In base 9, what is -886 - -1464?
467
In base 12, what is 83b96 - 4?
83b92
In base 14, what is c7 + -11c?
-35
In base 2, what is 100 + 10010001011?
10010001111
In base 9, what is 0 + 12611?
12611
In base 6, what is -10145550 - -4?
-10145542
In base 7, what is -45 - 114535?
-114613
In base 13, what is -c99 - c?
-ca8
In base 14, what is 2d15 - -d?
2d24
In base 6, what is 5 + 3204?
3213
In base 10, what is -7426 - -89?
-7337
In base 13, what is -180 - -16a?
-13
In base 5, what is 23343 - 2312?
21031
In base 10, what is -331 + -1965?
-2296
In base 16, what is 8 + -1094?
-108c
In base 10, what is -3236 - 16?
-3252
In base 3, what is -101 - 110201000?
-110201101
In base 6, what is -2502 + -135?
-3041
In base 13, what is -405 + 274?
-161
In base 12, what is -5 - 887b5?
-887ba
In base 7, what is 4 - -630565?
630602
In base 11, what is 2 - -26629?
26630
In base 9, what is 872 - 30?
842
In base 4, what is 10231 + -30031?
-13200
In base 3, what is -11 + -210110112?
-210110200
In base 4, what is -3323321 - -1?
-3323320
In base 15, what is -2e8e - -2d?
-2e61
In base 7, what is -523424 - -3?
-523421
In base 8, what is 207 + -1355?
-1146
In base 8, what is -4605 + -362?
-5167
In base 2, what is 100 - -101010010101001110110?
101010010101001111010
In base 2, what is 100 + -101001111101000100?
-101001111101000000
In base 9, what is 175364 + 6?
175371
In base 16, what is 1af9 + -a1?
1a58
In base 15, what is -4 - -86038?
86034
In base 9, what is 18655 + -23?
18632
In base 8, what is -3344 - 4?
-3350
In base 4, what is 22320232 + -2?
22320230
In base 4, what is -22102 + -322?
-23030
In base 13, what is 1 - 1693b?
-1693a
In base 10, what is 7 - 5779?
-5772
In base 13, what is -11b3 - 5c?
-1242
In base 3, what is -2101121 - -21?
-2101100
In base 9, what is 222077 + -25?
222052
In base 13, what is -1 - -3b51?
3b50
In base 10, what is 3611 + 121?
3732
In base 8, what is 17 - 2757?
-2740
In base 2, what is 1010100101111000 - 0?
1010100101111000
In base 7, what is -1461 - 2341?
-4132
In base 3, what is -10000 - -10210?
210
In base 5, what is 2142343 + 10?
2142403
In base 14, what is -13 + 114a7?
11494
In base 7, what is 5161 - 1134?
4024
In base 10, what is 15946 - -31?
15977
In base 2, what is -101100111010 + 110101101?
-